{"id":21,"date":"2026-04-26T08:28:23","date_gmt":"2026-04-26T08:28:23","guid":{"rendered":"http:\/\/alampila.fi\/?page_id=21"},"modified":"2026-04-26T08:28:23","modified_gmt":"2026-04-26T08:28:23","slug":"kuka-arto","status":"publish","type":"page","link":"https:\/\/alampila.fi\/?page_id=21","title":{"rendered":"Kuka Arto?"},"content":{"rendered":"\n<p>Olen Arto Lampila, Vihre\u00e4 poliitikko Jyv\u00e4skyl\u00e4st\u00e4. Toimin Keski-suomen Vihreiden puheenjohtajana, Gradian valtuuston 2. varapuheenjohtajana ja Vihreiden puoluehallituksen j\u00e4senen\u00e4.&nbsp;<\/p>\n\n\n\n<p>Politiikassa minulle t\u00e4rke\u00e4\u00e4 on demokratian kehitt\u00e4minen, monipuoliset osallistumis- ja vaikuttamismahdollisuudet, hallinnon ja yhteiskunnallisen p\u00e4\u00e4t\u00f6ksenteon l\u00e4pin\u00e4kyvyys sek\u00e4 yksil\u00f6nvapauksien ja yksityisyyden turvaaminen.<\/p>\n\n\n\n<p>P\u00e4iv\u00e4ty\u00f6ss\u00e4ni hyvinvointialueen j\u00e4rjest\u00f6koordinaattorina kehit\u00e4n ja edist\u00e4n hyvinvointialueen yhteisty\u00f6t\u00e4 j\u00e4rjest\u00f6jen ja seurakuntien kanssa. Olen hallinnon ja projektity\u00f6n ammattilainen. Suurimman osan ty\u00f6urastani olen ty\u00f6skennellyt julkisen sektorin palveluprosessien kehitt\u00e4misen parissa. erityisesti nuoriso-, kulttuuri- ja ty\u00f6llisyyspalveluiden parissa.<\/p>\n\n\n\n<p>Koulutukseltani olen Kulttuurituottaja (ylempi amk), lis\u00e4ksi olen opiskellut johtamista sek\u00e4 hankintoja. Vuoden 2026 aikana saan valmiiksi my\u00f6s Tradenomi (ylempi amk) tutkinnon<\/p>\n\n\n\n<h2 class=\"wp-block-heading\">CV<\/h2>\n\n\n\n<p><strong>Politiikka<\/strong><\/p>\n\n\n\n<ul class=\"wp-block-list\">\n<li>Koulutuskuntayhtym\u00e4 Gradia\n<ul class=\"wp-block-list\">\n<li>Valtuuston 2. Varapuheenjohtaja 2025-<\/li>\n\n\n\n<li>Gradia-kiinteist\u00f6t-liikelaitoksen johtokunnan j\u00e4sen 2025-<\/li>\n<\/ul>\n<\/li>\n\n\n\n<li>Kaupunginhallituksen j\u00e4sen &#8211; 2021-2025<\/li>\n\n\n\n<li>Varavaltuutettu 2021 -><\/li>\n\n\n\n<li>Kaupunginvaltuutettu 2017 \u2013 2021<\/li>\n<\/ul>\n\n\n\n<p><strong>Koulutus<\/strong><\/p>\n\n\n\n<ul class=\"wp-block-list\">\n<li>Kulttuurituottaja (ylempi amk)<\/li>\n\n\n\n<li>Humanistinen Ammattikorkeakoulu 2016<\/li>\n<\/ul>\n\n\n\n<p><strong>Ty\u00f6el\u00e4m\u00e4<\/strong><\/p>\n\n\n\n<ul class=\"wp-block-list\">\n<li>Projektip\u00e4\u00e4llikk\u00f6, Jyv\u00e4skyl\u00e4n kaupunki, soteuudistuksen hankkeet 5\/2021 -><\/li>\n\n\n\n<li>Hankekoordinaattori, Jyv\u00e4skyl\u00e4n kaupunki 2\/20 4 \/ 2021<\/li>\n\n\n\n<li>Nuorten palvelukoordinaattori, \u00c4\u00e4nekosken kaupunki 4\/17 \u2013 1\/19<\/li>\n\n\n\n<li>Ohjaaja, Suomen Punainen Risti, L\u00e4nsi-Suomen Piiri 2\/16 \u2013 4\/17<\/li>\n\n\n\n<li>Projektip\u00e4\u00e4llikk\u00f6. Hankasalmen 4H, 2\/15 \u2013 12\/15<\/li>\n\n\n\n<li>Hankevet\u00e4j\u00e4, Keuruun kaupunki 8\/14 \u2013 12\/14<\/li>\n\n\n\n<li>Projektip\u00e4\u00e4llikk\u00f6, Nuorten Keski-Suomi ry 9\/2011 \u2013 7\/14<\/li>\n\n\n\n<li>Kehitt\u00e4j\u00e4\/Projektity\u00f6ntekij\u00e4, Keski-Suomen opisto 3\/2011 \u2013 8\/2011<\/li>\n<\/ul>\n","protected":false},"excerpt":{"rendered":"<p>Olen Arto Lampila, Vihre\u00e4 poliitikko Jyv\u00e4skyl\u00e4st\u00e4. Toimin Keski-suomen Vihreiden puheenjohtajana, Gradian valtuuston 2. varapuheenjohtajana ja Vihreiden puoluehallituksen j\u00e4senen\u00e4.&nbsp; Politiikassa minulle t\u00e4rke\u00e4\u00e4 on demokratian kehitt\u00e4minen, monipuoliset osallistumis- ja vaikuttamismahdollisuudet, hallinnon ja yhteiskunnallisen p\u00e4\u00e4t\u00f6ksenteon l\u00e4pin\u00e4kyvyys sek\u00e4 yksil\u00f6nvapauksien ja yksityisyyden turvaaminen. P\u00e4iv\u00e4ty\u00f6ss\u00e4ni hyvinvointialueen j\u00e4rjest\u00f6koordinaattorina kehit\u00e4n ja edist\u00e4n hyvinvointialueen yhteisty\u00f6t\u00e4 j\u00e4rjest\u00f6jen ja seurakuntien kanssa. Olen hallinnon ja projektity\u00f6n ammattilainen.&hellip; <a class=\"more-link\" href=\"https:\/\/alampila.fi\/?page_id=21\">Jatka lukemista <span class=\"screen-reader-text\">Kuka Arto?<\/span><\/a><\/p>\n","protected":false},"author":1,"featured_media":0,"parent":0,"menu_order":0,"comment_status":"closed","ping_status":"closed","template":"","meta":{"footnotes":""},"class_list":["post-21","page","type-page","status-publish","hentry","entry"],"_links":{"self":[{"href":"https:\/\/alampila.fi\/index.php?rest_route=\/wp\/v2\/pages\/21","targetHints":{"allow":["GET"]}}],"collection":[{"href":"https:\/\/alampila.fi\/index.php?rest_route=\/wp\/v2\/pages"}],"about":[{"href":"https:\/\/alampila.fi\/index.php?rest_route=\/wp\/v2\/types\/page"}],"author":[{"embeddable":true,"href":"https:\/\/alampila.fi\/index.php?rest_route=\/wp\/v2\/users\/1"}],"replies":[{"embeddable":true,"href":"https:\/\/alampila.fi\/index.php?rest_route=%2Fwp%2Fv2%2Fcomments&post=21"}],"version-history":[{"count":1,"href":"https:\/\/alampila.fi\/index.php?rest_route=\/wp\/v2\/pages\/21\/revisions"}],"predecessor-version":[{"id":22,"href":"https:\/\/alampila.fi\/index.php?rest_route=\/wp\/v2\/pages\/21\/revisions\/22"}],"wp:attachment":[{"href":"https:\/\/alampila.fi\/index.php?rest_route=%2Fwp%2Fv2%2Fmedia&parent=21"}],"curies":[{"name":"wp","href":"https:\/\/api.w.org\/{rel}","templated":true}]}}

<p>Olen Arto Lampila, Vihreä poliitikko Jyväskylästä. Toimin Keski-suomen Vihreiden puheenjohtajana, Gradian valtuuston 2. varapuheenjohtajana ja Vihreiden puoluehallituksen jäsenenä.&nbsp;</p>



<p>Politiikassa minulle tärkeää on demokratian kehittäminen, monipuoliset osallistumis- ja vaikuttamismahdollisuudet, hallinnon ja yhteiskunnallisen päätöksenteon läpinäkyvyys sekä yksilönvapauksien ja yksityisyyden turvaaminen.</p>



<p>Päivätyössäni hyvinvointialueen järjestökoordinaattorina kehitän ja edistän hyvinvointialueen yhteistyötä järjestöjen ja seurakuntien kanssa. Olen hallinnon ja projektityön ammattilainen. Suurimman osan työurastani olen työskennellyt julkisen sektorin palveluprosessien kehittämisen parissa. erityisesti nuoriso-, kulttuuri- ja työllisyyspalveluiden parissa.</p>



<p>Koulutukseltani olen Kulttuurituottaja (ylempi amk), lisäksi olen opiskellut johtamista sekä hankintoja. Vuoden 2026 aikana saan valmiiksi myös Tradenomi (ylempi amk) tutkinnon</p>



<h2 class="wp-block-heading">CV</h2>



<p><strong>Politiikka</strong></p>



<ul class="wp-block-list">
<li>Koulutuskuntayhtymä Gradia
<ul class="wp-block-list">
<li>Valtuuston 2. Varapuheenjohtaja 2025-</li>



<li>Gradia-kiinteistöt-liikelaitoksen johtokunnan jäsen 2025-</li>
</ul>
</li>



<li>Kaupunginhallituksen jäsen &#8211; 2021-2025</li>



<li>Varavaltuutettu 2021 -></li>



<li>Kaupunginvaltuutettu 2017 – 2021</li>
</ul>



<p><strong>Koulutus</strong></p>



<ul class="wp-block-list">
<li>Kulttuurituottaja (ylempi amk)</li>



<li>Humanistinen Ammattikorkeakoulu 2016</li>
</ul>



<p><strong>Työelämä</strong></p>



<ul class="wp-block-list">
<li>Projektipäällikkö, Jyväskylän kaupunki, soteuudistuksen hankkeet 5/2021 -></li>



<li>Hankekoordinaattori, Jyväskylän kaupunki 2/20 4 / 2021</li>



<li>Nuorten palvelukoordinaattori, Äänekosken kaupunki 4/17 – 1/19</li>



<li>Ohjaaja, Suomen Punainen Risti, Länsi-Suomen Piiri 2/16 – 4/17</li>



<li>Projektipäällikkö. Hankasalmen 4H, 2/15 – 12/15</li>



<li>Hankevetäjä, Keuruun kaupunki 8/14 – 12/14</li>



<li>Projektipäällikkö, Nuorten Keski-Suomi ry 9/2011 – 7/14</li>



<li>Kehittäjä/Projektityöntekijä, Keski-Suomen opisto 3/2011 – 8/2011</li>
</ul>

<p>Olen Arto Lampila, Vihreä poliitikko Jyväskylästä. Toimin Keski-suomen Vihreiden puheenjohtajana, Gradian valtuuston 2. varapuheenjohtajana ja Vihreiden puoluehallituksen jäsenenä.&nbsp; Politiikassa minulle tärkeää on demokratian kehittäminen, monipuoliset osallistumis- ja vaikuttamismahdollisuudet, hallinnon ja yhteiskunnallisen päätöksenteon läpinäkyvyys sekä yksilönvapauksien ja yksityisyyden turvaaminen. Päivätyössäni hyvinvointialueen järjestökoordinaattorina kehitän ja edistän hyvinvointialueen yhteistyötä järjestöjen ja seurakuntien kanssa. Olen hallinnon ja projektityön ammattilainen.&hellip; <a class="more-link" href="https://alampila.fi/?page_id=21">Jatka lukemista <span class="screen-reader-text">Kuka Arto?</span></a></p>
